s the highest common divisor of 28 and 238363566?
14
What is the highest common factor of 440 and 3432055?
55
Calculate the highest common divisor of 20566876 and 2530.
506
What is the greatest common divisor of 55707 and 8354253?
1797
Calculate the greatest common factor of 3188 and 877497.
797
Calculate the greatest common divisor of 728 and 24217760.
56
Calculate the highest common factor of 2036688 and 4228.
604
What is the highest common divisor of 219860463 and 2883?
2883
Calculate the highest common divisor of 18970 and 247030.
70
What is the highest common factor of 292881134 and 182?
182
What is the highest common divisor of 2198445 and 24?
3
What is the greatest common factor of 486932 and 18012?
76
What is the highest common divisor of 5600 and 119242400?
800
Calculate the greatest common factor of 946066 and 506.
22
Calculate the highest common factor of 1805252 and 4.
4
What is the greatest common factor of 252 and 598489290?
126
Calculate the greatest common divisor of 3016 and 8573357.
377
What is the greatest common factor of 2057870 and 558162?
5638
What is the highest common divisor of 8320 and 3310320?
1040
What is the highest common factor of 224 and 7857456?
16
What is the greatest common divisor of 1321314 and 16054?
698
What is the greatest common divisor of 758602 and 489?
163
What is the greatest common divisor of 1727 and 2372584?
157
Calculate the highest common divisor of 60 and 218950.
10
What is the greatest common divisor of 2405745 and 4632?
579
Calculate the greatest common factor of 924 and 29773854.
66
What is the highest common divisor of 53677492 and 2001?
667
What is the greatest common factor of 12 and 477768?
12
Calculate the highest common divisor of 50267 and 51102.
167
Calculate the highest common factor of 103967840 and 760.
40
Calculate the greatest common factor of 630 and 12096280.
70
Calculate the highest common divisor of 44 and 10534491.
11
What is the greatest common factor of 112150512 and 3576?
3576
Calculate the greatest common factor of 27 and 62632332.
27
Calculate the highest common factor of 821648 and 13271.
577
What is the highest common divisor of 327926439 and 4599?
657
Calculate the greatest common factor of 1532 and 13321123.
383
What is the greatest common factor of 88 and 910221587?
11
Calculate the highest common factor of 1590 and 185058.
6
Calculate the highest common factor of 16 and 10498608.
16
What is the greatest common divisor of 5236317 and 131553?
423
Calculate the greatest common factor of 29 and 28641125.
29
What is the greatest common divisor of 38375614 and 614?
614
Calculate the highest common divisor of 1035 and 1246374.
9
Calculate the highest common factor of 492528 and 3000846.
1986
What is the greatest common divisor of 83440 and 1988?
28
What is the highest common factor of 947958960 and 16965?
5655
What is the greatest common divisor of 19008 and 1074282?
66
What is the highest common factor of 20 and 18153960?
20
Calculate the greatest common factor of 23650342 and 6.
2
What is the highest common factor of 1987092457 and 113?
113
Calculate the highest common factor of 485 and 523895254.
97
Calculate the greatest common divisor of 288 and 3801696.
96
What is the highest common divisor of 10449945 and 3405?
3405
What is the highest common divisor of 2299 and 19565459?
19
What is the highest common divisor of 18973656 and 3419?
13
What is the highest common factor of 308 and 159300680?
308
Calculate the greatest common factor of 3696 and 2742784.
176
Calculate the highest common factor of 408291 and 579072.
1131
What is the highest common divisor of 6276908 and 88?
44
Calculate the greatest common factor of 989410825 and 3835.
3835
Calculate the highest common factor of 8070547 and 38286.
709
What is the highest common factor of 621546248 and 4?
4
Calculate the greatest common divisor of 15871 and 7991721.
269
What is the highest common divisor of 108744 and 288605?
197
What is the highest common factor of 3333 and 8318739?
33
Calculate the highest common divisor of 164050 and 23454325.
4825
What is the greatest common factor of 774 and 73708407?
387
Calculate the greatest common factor of 9387898 and 631722.
2314
Calculate the greatest common divisor of 28607150 and 325.
325
Calculate the highest common factor of 117535143 and 572.
11
What is the greatest common divisor of 49504495 and 110005?
2245
What is the greatest common divisor of 32400 and 1662930?
810
Calculate the highest common factor of 337 and 255797.
1
Calculate the greatest common divisor of 1432780 and 799460.
1420
Calculate the highest common factor of 332944728 and 3604.
3604
What is the highest common divisor of 72 and 38598372?
36
Calculate the greatest common divisor of 90582050 and 260.
130
Calculate the highest common divisor of 1633133 and 11.
1
What is the highest common divisor of 106639 and 91?
13
Calculate the greatest common divisor of 23391 and 716520909.
7797
What is the highest common factor of 8455284 and 612?
36
Calculate the highest common divisor of 27712 and 72279824.
6928
Calculate the greatest common divisor of 8991219 and 1143.
381
What is the greatest common factor of 435962 and 82?
2
Calculate the greatest common divisor of 566314 and 6650.
266
Calculate the highest common factor of 41168 and 875152.
1328
Calculate the greatest common divisor of 64584020 and 34.
34
Calculate the highest common factor of 180938774 and 1912.
478
What is the highest common divisor of 164034 and 5123196?
234
Calculate the highest common factor of 119900 and 465300.
1100
Calculate the greatest common divisor of 60 and 227396090.
10
Calculate the greatest common divisor of 80002 and 1586.
26
Calculate the highest common factor of 798 and 199254.
6
What is the greatest common divisor of 3124 and 18276962?
1562
Calculate the greatest common divisor of 24752 and 21281.
13
What is the highest common divisor of 342 and 2873345148?
342
What is the highest common factor of 1345287 and 14096?
881
What is the greatest common divisor of 179 and 923718581?
179
Calculate the greatest common factor of 1850 and 108020.
10
Calculate the highest common factor of 88203090 and 843.
843
Calculate the greatest common divisor of 14976 and 457587.
117
What is the highest common factor of 29925 and 2643975?
225
What is the highest common factor of 1653504 and 3840?
768
What is the highest common divisor of 36 and 4819383?
9
What is the highest common divisor of 647303 and 55?
1
What is the highest common factor of 18 and 4403058?
6
Calculate the greatest common factor of 48059004 and 148.
148
Calculate the highest common factor of 10854490 and 40.
10
What is the greatest common factor of 14280 and 204068?
68
Calculate the highest common factor of 670480 and 2494.
58
Calculate the highest common factor of 154493 and 1.
1
Calculate the greatest common factor of 6280 and 873230.
10
What is the greatest common divisor of 872 and 269007640?
872
What is the highest common factor of 396872 and 52402?
266
Calculate the greatest common factor of 182637 and 79254.
63
Calculate the greatest common factor of 67768 and 638464.
344
Calculate the greatest common divisor of 10 and 6271310.
10
What is the greatest common divisor of 143235 and 26895?
15
What is the highest common factor of 260 and 54091570?
130
Calculate the greatest common divisor of 683 and 1550508352.
683
Calculate the greatest common divisor of 29536 and 202618.
26
What is the greatest common factor of 208782662 and 33?
11
What is the highest common factor of 757050 and 27385022?
10094
What is the greatest common factor of 695306 and 4378?
398
What is the highest common divisor of 242112115 and 35?
35
What is the highest common factor of 5387713120 and 20?
20
What is the greatest common factor of 75040 and 720437600?
10720
Calculate the greatest common factor of 1299486 and 1539.
57
Calculate the greatest common divisor of 560 and 286748400.
80
Calculate the highest common divisor of 5388758 and 2192.
274
Calculate the greatest common factor of 450 and 101204325.
225
What is the highest common factor of 949916 and 5324?
44
Calculate the greatest common factor of 233522585 and 785.
785
What is the greatest common divisor of 343806970 and 130?
130
Calculat